{"id":15,"date":"2017-11-29T01:41:10","date_gmt":"2017-11-28T22:41:10","guid":{"rendered":"http:\/\/ferminlafitte.edu.ar\/web\/?page_id=15"},"modified":"2020-07-16T21:21:55","modified_gmt":"2020-07-16T18:21:55","slug":"nivel-primario","status":"publish","type":"page","link":"https:\/\/ferminlafitte.edu.ar\/web\/nivel-primario\/","title":{"rendered":"Nivel Primario"},"content":{"rendered":"\n<p>     Estimadas Familias de nuestra querida Escuela, y toda persona o Instituci\u00f3n que nos est\u00e9 visitando: <br \/>     Estamos preparando este espacio para seguir acerc\u00e1ndonos a cada uno por todos los medios posibles, para encontrarnos y permanecer unidos en la Educaci\u00f3n de quienes forjen nuestro futuro&#8230;<br \/>    <strong> \u00abPara nosotros, Educar es Humanizar&#8230; Dejando huellas en los estudiantes, abriendo caminos caminos para un mejor futuro y construyendo puentes que nos hermanen, en nuestra peque\u00f1a gran Escuela y en nuestra Sociedad.\u00bb<\/strong><\/p>\n\n\n\n<p>     Acercamos en primera instancia, esta informaci\u00f3n que nos han comenzado a consultar y solicitar, y nos seguimos encontrando virtualmente, hasta que Dios y los gobernantes dispongan&#8230; \u00a1Hasta pronto! <strong>\u00a1Y Bienvenidos al Nivel Primario del Lafitte!<\/strong> <\/p>\n\n\n\n<figure class=\"wp-block-image\"><img loading=\"lazy\" width=\"1024\" height=\"574\" src=\"http:\/\/ferminlafitte.edu.ar\/web\/wp-content\/uploads\/2020\/07\/image-4-1024x574.png\" alt=\"\" class=\"wp-image-502\" srcset=\"https:\/\/ferminlafitte.edu.ar\/web\/wp-content\/uploads\/2020\/07\/image-4-1024x574.png 1024w, https:\/\/ferminlafitte.edu.ar\/web\/wp-content\/uploads\/2020\/07\/image-4-300x168.png 300w, https:\/\/ferminlafitte.edu.ar\/web\/wp-content\/uploads\/2020\/07\/image-4-768x431.png 768w, https:\/\/ferminlafitte.edu.ar\/web\/wp-content\/uploads\/2020\/07\/image-4-500x280.png 500w, https:\/\/ferminlafitte.edu.ar\/web\/wp-content\/uploads\/2020\/07\/image-4.png 1402w\" sizes=\"(max-width: 1024px) 100vw, 1024px\" \/><\/figure>\n\n\n\n<p><\/p>\n","protected":false},"excerpt":{"rendered":"<p>Estimadas Familias de nuestra querida Escuela, y toda persona o Instituci\u00f3n que nos est\u00e9 visitando: Estamos preparando este espacio para seguir acerc\u00e1ndonos a cada uno por todos los medios posibles, para encontrarnos y permanecer unidos en la Educaci\u00f3n de quienes &hellip; <a href=\"https:\/\/ferminlafitte.edu.ar\/web\/nivel-primario\/\">Sigue leyendo <span class=\"meta-nav\">&rarr;<\/span><\/a><\/p>\n","protected":false},"author":3,"featured_media":0,"parent":0,"menu_order":0,"comment_status":"closed","ping_status":"closed","template":"","meta":[],"_links":{"self":[{"href":"https:\/\/ferminlafitte.edu.ar\/web\/wp-json\/wp\/v2\/pages\/15"}],"collection":[{"href":"https:\/\/ferminlafitte.edu.ar\/web\/wp-json\/wp\/v2\/pages"}],"about":[{"href":"https:\/\/ferminlafitte.edu.ar\/web\/wp-json\/wp\/v2\/types\/page"}],"author":[{"embeddable":true,"href":"https:\/\/ferminlafitte.edu.ar\/web\/wp-json\/wp\/v2\/users\/3"}],"replies":[{"embeddable":true,"href":"https:\/\/ferminlafitte.edu.ar\/web\/wp-json\/wp\/v2\/comments?post=15"}],"version-history":[{"count":4,"href":"https:\/\/ferminlafitte.edu.ar\/web\/wp-json\/wp\/v2\/pages\/15\/revisions"}],"predecessor-version":[{"id":503,"href":"https:\/\/ferminlafitte.edu.ar\/web\/wp-json\/wp\/v2\/pages\/15\/revisions\/503"}],"wp:attachment":[{"href":"https:\/\/ferminlafitte.edu.ar\/web\/wp-json\/wp\/v2\/media?parent=15"}],"curies":[{"name":"wp","href":"https:\/\/api.w.org\/{rel}","templated":true}]}}